hat is the remainder when 13388 is divided by 2588?
448
What is the remainder when 24657 is divided by 220?
17
Calculate the remainder when 26596 is divided by 14.
10
Calculate the remainder when 1812 is divided by 703.
406
Calculate the remainder when 183674 is divided by 19.
1
What is the remainder when 2154598 is divided by 2700?
2698
What is the remainder when 21663 is divided by 1842?
1401
What is the remainder when 7650 is divided by 1134?
846
Calculate the remainder when 3025 is divided by 27.
1
What is the remainder when 1392 is divided by 687?
18
What is the remainder when 79873 is divided by 13310?
13
What is the remainder when 3671715 is divided by 230?
225
What is the remainder when 4493 is divided by 15?
8
Calculate the remainder when 7241 is divided by 374.
135
What is the remainder when 6511 is divided by 125?
11
Calculate the remainder when 8998 is divided by 184.
166
Calculate the remainder when 4308 is divided by 361.
337
What is the remainder when 32050 is divided by 1885?
5
Calculate the remainder when 25622 is divided by 801.
791
Calculate the remainder when 1969 is divided by 22.
11
What is the remainder when 70038 is divided by 1061?
12
What is the remainder when 123195 is divided by 3008?
2875
What is the remainder when 717441 is divided by 252?
249
Calculate the remainder when 118151 is divided by 72.
71
What is the remainder when 4367400 is divided by 124?
120
Calculate the remainder when 4165 is divided by 89.
71
What is the remainder when 58156 is divided by 20?
16
What is the remainder when 965 is divided by 491?
474
What is the remainder when 226744 is divided by 51?
49
Calculate the remainder when 125264 is divided by 62625.
14
What is the remainder when 10034 is divided by 62?
52
Calculate the remainder when 603 is divided by 243.
117
What is the remainder when 3935 is divided by 86?
65
What is the remainder when 21421 is divided by 9?
1
Calculate the remainder when 947 is divided by 241.
224
What is the remainder when 1072 is divided by 123?
88
Calculate the remainder when 14155 is divided by 161.
148
Calculate the remainder when 558510 is divided by 67.
65
What is the remainder when 175462 is divided by 254?
202
Calculate the remainder when 107768 is divided by 1738.
12
What is the remainder when 450198 is divided by 326?
318
What is the remainder when 3994372 is divided by 83?
80
What is the remainder when 12094 is divided by 6046?
2
What is the remainder when 620070 is divided by 91?
87
What is the remainder when 8678 is divided by 73?
64
Calculate the remainder when 2611 is divided by 433.
13
What is the remainder when 899 is divided by 47?
6
What is the remainder when 789758 is divided by 394874?
10
What is the remainder when 384313 is divided by 315?
13
Calculate the remainder when 170500 is divided by 1740.
1720
Calculate the remainder when 215026 is divided by 66.
64
What is the remainder when 4593 is divided by 43?
35
What is the remainder when 65979 is divided by 1?
0
Calculate the remainder when 2518739 is divided by 210.
209
Calculate the remainder when 26774 is divided by 1167.
1100
Calculate the remainder when 1366891 is divided by 99.
97
Calculate the remainder when 4271 is divided by 20.
11
What is the remainder when 6834 is divided by 764?
722
Calculate the remainder when 428237 is divided by 40.
37
Calculate the remainder when 26391 is divided by 41.
28
Calculate the remainder when 2797950 is divided by 64.
62
Calculate the remainder when 51568 is divided by 10313.
3
Calculate the remainder when 2013 is divided by 2008.
5
What is the remainder when 109041 is divided by 1416?
9
What is the remainder when 49921 is divided by 27?
25
What is the remainder when 21830 is divided by 2181?
20
What is the remainder when 68803 is divided by 183?
178
Calculate the remainder when 366709 is divided by 25.
9
What is the remainder when 2171 is divided by 128?
123
What is the remainder when 1538 is divided by 470?
128
What is the remainder when 9642 is divided by 4811?
20
Calculate the remainder when 7044 is divided by 21.
9
What is the remainder when 1116 is divided by 44?
16
Calculate the remainder when 358690 is divided by 426.
424
What is the remainder when 8258 is divided by 42?
26
Calculate the remainder when 37593 is divided by 1975.
68
Calculate the remainder when 2515 is divided by 1234.
47
What is the remainder when 1640 is divided by 147?
23
What is the remainder when 148294 is divided by 5703?
16
Calculate the remainder when 28484 is divided by 865.
804
Calculate the remainder when 22720 is divided by 27.
13
What is the remainder when 7548 is divided by 2422?
282
What is the remainder when 1557568 is divided by 389390?
8
Calculate the remainder when 134414 is divided by 12219.
5
What is the remainder when 5641 is divided by 31?
30
Calculate the remainder when 287032 is divided by 1139.
4
Calculate the remainder when 42693 is divided by 136.
125
Calculate the remainder when 3075 is divided by 140.
135
Calculate the remainder when 42267 is divided by 2012.
15
Calculate the remainder when 57898 is divided by 50.
48
Calculate the remainder when 178 is divided by 26.
22
Calculate the remainder when 2593 is divided by 1258.
77
Calculate the remainder when 18631 is divided by 64.
7
Calculate the remainder when 671806 is divided by 22.
14
What is the remainder when 26820 is divided by 3823?
59
What is the remainder when 71303 is divided by 1321?
1290
Calculate the remainder when 2894296 is divided by 10.
6
What is the remainder when 31576 is divided by 16?
8
Calculate the remainder when 18797 is divided by 324.
5
Calculate the remainder when 7298 is divided by 1457.
13
Calculate the remainder when 1975480 is divided by 83.
80
What is the remainder when 14556 is divided by 7?
3
What is the remainder when 2517 is divided by 37?
1
What is the remainder when 2235 is divided by 220?
35
What is the remainder when 351247 is divided by 125?
122
Calculate the remainder when 27252 is divided by 89.
18
What is the remainder when 518324 is divided by 15?
14
Calculate the remainder when 601661 is divided by 120332.
1
Calculate the remainder when 10534 is divided by 5209.
116
Calculate the remainder when 13126 is divided by 65.
61
What is the remainder when 917178 is divided by 55?
53
What is the remainder when 59337 is divided by 60?
57
What is the remainder when 152547 is divided by 225?
222
What is the remainder when 11691 is divided by 5791?
109
What is the remainder when 312485 is divided by 583?
580
Calculate the remainder when 37444 is divided by 323.
299
What is the remainder when 81115 is divided by 14?
13
What is the remainder when 6840 is divided by 180?
0
Calculate the remainder when 22303 is divided by 169.
164
Calculate the remainder when 3598 is divided by 240.
238
What is the remainder when 5747 is divided by 962?
937
What is the remainder when 5163 is divided by 99?
15
Calculate the remainder when 804829 is divided by 1066.
1065
What is the remainder when 134298 is divided by 4?
2
What is the remainder when 2645 is divided by 525?
20
What is the remainder when 30178 is divided by 10?
8
Calculate the remainder when 210676 is divided by 1342.
1324
Calculate the remainder when 24869 is divided by 32.
5
Calculate the remainder when 17301 is divided by 570.
201
What is the remainder when 4338 is divided by 57?
6
Calculate the remainder when 36302 is divided by 1457.
1334
Calculate the remainder when 108559 is divided by 218.
213
Calculate the remainder when 38844 is divided by 54.
18
Calculate the remainder when 330492 is divided by 32.
28
What is the remainder when 230758 is divided by 76906?
40
What is the remainder when 725432 is divided by 14?
8
Calculate the remainder when 6324 is divided by 111.
108
What is the remainder when 984 is divided by 276?
156
Calculate the remainder when 101973 is divided by 165.
3
Calculate the remainder when 84371 is divided by 599.
511
Calculate the remainder when 5506 is divided by 37.
30
What is the remainder when 1019312 is divided by 339753?
53
What is the remainder when 994955 is divided by 23?
21
Calculate the remainder when 231409 is divided by 361.
8
What is the remainder when 5352 is divided by 1784?
0
Calculate the remainder when 722995 is divided by 180745